{"id":2041,"date":"2020-10-09T15:23:48","date_gmt":"2020-10-09T13:23:48","guid":{"rendered":"http:\/\/www.nulk.cz\/tadyjsmedoma\/?page_id=2041"},"modified":"2023-10-17T10:24:18","modified_gmt":"2023-10-17T08:24:18","slug":"regionalni-folklor-do-skol-manual-pro-ucitele-2","status":"publish","type":"page","link":"https:\/\/www.nulk.cz\/tadyjsmedoma\/regionalni-folklor-do-skol-manual-pro-ucitele-2\/","title":{"rendered":"Region\u00e1ln\u00ed folklor do \u0161kol \u2013 Manu\u00e1l pro u\u010ditele II"},"content":{"rendered":"\n<style type=\"text\/css\" data-created_by=\"avia_inline_auto\" id=\"style-css-av-dgnj0-6b71371a0fb1a17f5bd82908fe9059dc\">\n.avia-section.av-dgnj0-6b71371a0fb1a17f5bd82908fe9059dc .av-parallax .av-parallax-inner{\nbackground-repeat:no-repeat;\nbackground-image:url(https:\/\/www.nulk.cz\/tadyjsmedoma\/wp-content\/uploads\/2020\/09\/bg_2.jpg);\nbackground-position:50% 50%;\nbackground-attachment:scroll;\n}\n.avia-section.av-dgnj0-6b71371a0fb1a17f5bd82908fe9059dc .av-section-color-overlay{\nopacity:0.2;\nbackground-color:#000000;\n}\n<\/style>\n<div id='av_section_1'  class='avia-section av-dgnj0-6b71371a0fb1a17f5bd82908fe9059dc main_color avia-section-large avia-no-shadow  avia-builder-el-0  el_before_av_section  avia-builder-el-first  avia-full-stretch av-parallax-section avia-bg-style-parallax av-section-color-overlay-active container_wrap fullsize'  data-section-bg-repeat='stretch'><div class='av-parallax' data-avia-parallax-ratio='0.3' ><div class='av-parallax-inner main_color avia-full-stretch'><\/div><\/div><div class=\"av-section-color-overlay-wrap\"><div class=\"av-section-color-overlay\"><\/div><div class='container av-section-cont-open' ><main  role=\"main\" itemprop=\"mainContentOfPage\"  class='template-page content  av-content-full alpha units'><div class='post-entry post-entry-type-page post-entry-2041'><div class='entry-content-wrapper clearfix'>\n\n<style type=\"text\/css\" data-created_by=\"avia_inline_auto\" id=\"style-css-av-kg2a3q1d-8a3a4eca0cdc749dd9f30ea20b29a4ad\">\n#top .av-special-heading.av-kg2a3q1d-8a3a4eca0cdc749dd9f30ea20b29a4ad{\npadding-bottom:0;\ncolor:#ffffff;\nfont-size:50px;\n}\nbody .av-special-heading.av-kg2a3q1d-8a3a4eca0cdc749dd9f30ea20b29a4ad .av-special-heading-tag .heading-char{\nfont-size:25px;\n}\n#top #wrap_all .av-special-heading.av-kg2a3q1d-8a3a4eca0cdc749dd9f30ea20b29a4ad .av-special-heading-tag{\nfont-size:50px;\n}\n.av-special-heading.av-kg2a3q1d-8a3a4eca0cdc749dd9f30ea20b29a4ad .special-heading-inner-border{\nborder-color:#ffffff;\n}\n.av-special-heading.av-kg2a3q1d-8a3a4eca0cdc749dd9f30ea20b29a4ad .av-subheading{\nfont-size:15px;\n}\n\n@media only screen and (min-width: 480px) and (max-width: 767px){ \n#top #wrap_all .av-special-heading.av-kg2a3q1d-8a3a4eca0cdc749dd9f30ea20b29a4ad .av-special-heading-tag{\nfont-size:0.8em;\n}\n}\n\n@media only screen and (max-width: 479px){ \n#top #wrap_all .av-special-heading.av-kg2a3q1d-8a3a4eca0cdc749dd9f30ea20b29a4ad .av-special-heading-tag{\nfont-size:0.8em;\n}\n}\n<\/style>\n<div  class='av-special-heading av-kg2a3q1d-8a3a4eca0cdc749dd9f30ea20b29a4ad av-special-heading-h3 custom-color-heading blockquote modern-quote modern-centered  avia-builder-el-1  avia-builder-el-no-sibling  av-inherit-size'><h3 class='av-special-heading-tag '  itemprop=\"headline\"  >Manu\u00e1l pro u\u010ditele II<\/h3><div class='av_custom_color av-subheading av-subheading_below'><p>Publikace vydan\u00e1 v r\u00e1mci projektu Tady jsme doma &#8211; Region\u00e1ln\u00ed folklor do \u0161koly<\/p>\n<\/div><div class=\"special-heading-border\"><div class=\"special-heading-inner-border\"><\/div><\/div><\/div>\n\n<\/div><\/div><\/main><!-- close content main element --><\/div><\/div><\/div><div id='av_section_2'  class='avia-section av-brbys-c2a572af6ba815021914dee901f0a907 main_color avia-section-small avia-no-border-styling  avia-builder-el-2  el_after_av_section  avia-builder-el-last  avia-bg-style-fixed container_wrap fullsize'  ><div class='container av-section-cont-open' ><div class='template-page content  av-content-full alpha units'><div class='post-entry post-entry-type-page post-entry-2041'><div class='entry-content-wrapper clearfix'>\n<div class='flex_column_table av-6bx35f-abac4b7cef348c34808b42306c0735aa sc-av_one_half av-equal-height-column-flextable'>\n<style type=\"text\/css\" data-created_by=\"avia_inline_auto\" id=\"style-css-av-6bx35f-abac4b7cef348c34808b42306c0735aa\">\n.flex_column.av-6bx35f-abac4b7cef348c34808b42306c0735aa{\nborder-radius:0px 0px 0px 0px;\npadding:0px 0px 0px 0px;\n}\n<\/style>\n<div  class='flex_column av-6bx35f-abac4b7cef348c34808b42306c0735aa av_one_half  avia-builder-el-3  el_before_av_one_half  avia-builder-el-first  first flex_column_table_cell av-equal-height-column av-align-top av-zero-column-padding  '     ><section  class='av_textblock_section av-4pchff-cddfc6036ecd5711d84ab52b10915ab4 '   itemscope=\"itemscope\" itemtype=\"https:\/\/schema.org\/CreativeWork\" ><div class='avia_textblock av_inherit_color'  itemprop=\"text\" ><p>Obsah II. d\u00edlu:<\/p>\n<p><strong>\u00davodem<\/strong> (Alena Schauerov\u00e1, Magdalena Ma\u0148\u00e1kov\u00e1)<\/p>\n<p><strong>A Teoretick\u00e1 \u010d\u00e1st<\/strong><\/p>\n<p>A.1 Folklor ve \u0161kole. O projektu Tady jsme doma \u2013 Region\u00e1ln\u00ed folklor do \u0161koly (Alena Schauerov\u00e1)<\/p>\n<p><strong>B Tematick\u00e9 projekty<\/strong><\/p>\n<p>B.1.1 Kde se zp\u00edv\u00e1, dob\u0159e b\u00fdv\u00e1 \u2013 M\u00edsto lidov\u00e9 p\u00edsn\u011b na 1. stupni Z\u0160 (Ivana Janou\u0161ov\u00e1)<\/p>\n<ul>\n<li>Z\u00e1kladn\u00ed didaktick\u00e9 informace.<\/li>\n<\/ul>\n<p>B.1.2 Realizace aktivit<\/p>\n<ol>\n<li>Rann\u00ed pozdrav s p\u00edsni\u010dkou<\/li>\n<li>Motivace p\u00edsn\u00ed, opakov\u00e1n\u00ed u\u010diva<\/li>\n<li>Relaxace<\/li>\n<li>P\u00edse\u0148 dopln\u00ed t\u00e9ma<\/li>\n<\/ol>\n<p>B.1.3 Podklady pro u\u010ditele<\/p>\n<ul>\n<li>Tvrd\u00e9 a m\u011bkk\u00e9 slabiky (\u010cJ 1. a 2. ro\u010dn\u00edk)<\/li>\n<li>Nauka o slov\u011b (\u010cJ 2 .a 3. ro\u010dn\u00edk)<\/li>\n<li>Etapy lidsk\u00e9ho \u017eivota (PRV 2. a 3. ro\u010dn\u00edk)<\/li>\n<\/ul>\n<p>B.1.4 Projekt P\u00edsni\u010dka k domovu<\/p>\n<ul>\n<li>Z\u00e1kladn\u00ed didaktick\u00e9 informace<\/li>\n<\/ul>\n<p>B.1.5 Realizace projektu (aktivity)<\/p>\n<ol>\n<li>B\u00e1sni\u010dka Cesti\u010dka k domovu (K. V. Rais), motivace<\/li>\n<li>\u010c\u00edm je pro m\u011b domov \u2013 v\u00fdstavka prac\u00ed<\/li>\n<li>Poh\u00e1dka Jak Honza a Tonda hledali domov<\/li>\n<\/ol>\n<p>B.1.6 Podklady pro u\u010ditele<\/p>\n<ul>\n<li>Text poh\u00e1dky Jak Honza a Tonda hledali domov<\/li>\n<li>Zad\u00e1n\u00ed k\u0159\u00ed\u017eovky<\/li>\n<li>Uk\u00e1zky pr\u00e1ce s mapami<\/li>\n<li>Uk\u00e1zka dopisu<\/li>\n<li>Uk\u00e1zka ob\u00e1lek portfoli\u00ed \u017e\u00e1k\u016f<\/li>\n<\/ul>\n<p>B.2.1 Hosta v\u00edt\u00e1me chlebem (Simona \u0160pa\u010dkov\u00e1)<\/p>\n<ul>\n<li>Z\u00e1kladn\u00ed didaktick\u00e9 informace<\/li>\n<\/ul>\n<p>B.2.2 Realizace aktivit<\/p>\n<ol>\n<li>Host a chl\u00e9b (motiva\u010dn\u00ed den)<\/li>\n<li>Pe\u010den\u00ed chleba<\/li>\n<li>Chl\u00e9b a host<\/li>\n<\/ol>\n<p>B.2.3 Podklady pro u\u010ditele<\/p>\n<ul>\n<li>Folklorn\u00ed materi\u00e1l a literatura<\/li>\n<li>Slova k naps\u00e1n\u00ed na karty<\/li>\n<li>\u00daryvek poh\u00e1dky Obil\u00ed a chl\u00e9b (Elizabeth Klein)<\/li>\n<li>B\u00e1se\u0148 o chlebu: Kolik podob m\u00e1 chleba (J. Brukner)<\/li>\n<li>Recept na p\u0161eni\u010dno\u017eitn\u00fd chl\u00e9b na\u0161ich prababi\u010dek<\/li>\n<li>Pracovn\u00ed list Od zrnka ke chlebu<\/li>\n<li>Pou\u017eit\u00e1 literatura<\/li>\n<\/ul>\n<p>B.3.1 Melu, melu mouku <strong>\u2013 <\/strong>\u0158emesla na\u0161ich p\u0159edk\u016f (Radu\u0161e \u010cerm\u00e1kov\u00e1)<\/p>\n<ul>\n<li>Z\u00e1kladn\u00ed didaktick\u00e9 informace.<\/li>\n<\/ul>\n<p>B.3.2 Realizace aktivit<\/p>\n<p>2.ro\u010dn\u00edk<\/p>\n<ol>\n<li>\u0158emeslo \u2013 mlyn\u00e1\u0159stv\u00ed (Prvouka)<\/li>\n<li>\u00dastn\u00ed lidov\u00e1 slovesnost (\u010cJ)<\/li>\n<li>Ml\u00fdny (Vv)<\/li>\n<li>P\u00edsni\u010dky s mlyn\u00e1\u0159skou t\u00e9matikou a jejich rytmizace (Hv)<\/li>\n<\/ol>\n<p>3.ro\u010dn\u00edk<\/p>\n<ol>\n<li>\u0158emeslo \u2013 mlyn\u00e1\u0159stv\u00ed (Prvouka)<\/li>\n<li>Pr\u00e1ce s textem (\u010cJ)<\/li>\n<li>Kraj\u00e1nek \u2013 postava (Vv)<\/li>\n<li>P\u00edsni\u010dky s mlyn\u00e1\u0159skou t\u00e9matikou (Hv)<\/li>\n<\/ol>\n<p>B.3.3 Podklady pro u\u010ditele<\/p>\n<ul>\n<li>H\u00e1danky \u2013 pracovn\u00ed list<\/li>\n<li>B\u00e1sni\u010dky \u2013 pracovn\u00ed list<\/li>\n<li>Mlyn\u00e1\u0159stv\u00ed \u2013 pracovn\u00ed list<\/li>\n<li>Vantrok \u2013 list pro u\u010ditele<\/li>\n<li>Star\u00e1 slova \u2013 pracovn\u00ed list<\/li>\n<li>Lidov\u00e1 slovesnost \u2013 pracovn\u00ed list<\/li>\n<li>Kraj\u00e1nek \u2013 motiva\u010dn\u00ed text<\/li>\n<li>Fanfrnoch \u2013 p\u00edse\u0148<\/li>\n<li>U\u017e ty pilky do\u0159ezaly \u2013 p\u00edse\u0148<\/li>\n<li>Hastrman ve ml\u00fdn\u011b \u2013 poh\u00e1dka<\/li>\n<li>Rybi\u010dka mali\u010dk\u00e1, Holka modrook\u00e1 \u2013 p\u00edsn\u011b<\/li>\n<li>Jsou mlyn\u00e1\u0159i \u2013 p\u00edse\u0148<\/li>\n<\/ul>\n<p>B.4.1 Na tom na\u0161em dvo\u0159e \u2013 Den s kozou (Eva Hertlov\u00e1)<\/p>\n<ul>\n<li>Z\u00e1kladn\u00ed didaktick\u00e9 informace<\/li>\n<\/ul>\n<p>B.4.2 Realizace aktivit<\/p>\n<ul>\n<li>Stanovi\u0161t\u011b 1: Kozl\u00edk, p\u00edse\u0148<\/li>\n<li>Stanovi\u0161t\u011b 2: H\u00e1danky z\u00a0archivu<\/li>\n<li>Stanovi\u0161t\u011b 3: Po\u010d\u00edt\u00e1me s kozou<\/li>\n<li>Stanovi\u0161t\u011b 4: Perunovy m\u00edry \u2013 statistika<\/li>\n<li>Stanovi\u0161t\u011b 5: O zl\u00e9 koze \u2013 poh\u00e1dka<\/li>\n<li>Stanovi\u0161t\u011b 6: Koza dom\u00e1c\u00ed \u2013 pr\u00e1ce s textem<\/li>\n<li>Stanovi\u0161t\u011b 7: B\u011b\u017e\u00ed koza \u2013 k\u0159\u00ed\u017eovka<\/li>\n<li>Stanovi\u0161t\u011b 8: Dojen\u00ed kozy<\/li>\n<li>Stanovi\u0161t\u011b 9: Bylo, nebylo<\/li>\n<li>Stanovi\u0161t\u011b 10: Galerie<\/li>\n<\/ul>\n<p>B.4.3 Podklady pro u\u010ditele<\/p>\n<p>B.5.1 Bylo, nebylo<strong> \u2013 <\/strong>Pozn\u00e1v\u00e1me m\u00edstn\u00ed pov\u011bsti (Kate\u0159ina Hola\u0148ov\u00e1)<\/p>\n<ul>\n<li>Z\u00e1kladn\u00ed didaktick\u00e9 informace<\/li>\n<\/ul>\n<p>B.5.2 Realizace aktivit<\/p>\n<ol>\n<li>Itiner\u00e1\u0159 vych\u00e1zky<\/li>\n<li>Pov\u011bst<\/li>\n<\/ol>\n<p>B.5.3 Podklady pro u\u010ditele<\/p>\n<ul>\n<li>Pov\u011bst o Bezedn\u00edku<\/li>\n<li>Pracovn\u00ed list<\/li>\n<li>Uk\u00e1zky prac\u00ed \u017e\u00e1k\u016f<\/li>\n<\/ul>\n<p>B.6.1 Te\u010de voda, vodi\u010dka <strong>\u2013 <\/strong>Voda nejen v lidov\u00e9 kultu\u0159e (R\u016f\u017eena Vincikov\u00e1)<\/p>\n<ul>\n<li>Z\u00e1kladn\u00ed didaktick\u00e9 informace<\/li>\n<\/ul>\n<p>B.6.2 Realizace aktivit<\/p>\n<ol>\n<li>Stud\u00e1nka v\u011b\u010dn\u00e9 vody<\/li>\n<li>Stud\u00e1nka \u017eiv\u00e9 vody<\/li>\n<li>Stud\u00e1nka vz\u00e1cn\u00e9 a pitn\u00e9 vody<\/li>\n<li>Stud\u00e1nka tv\u00e9 vody<\/li>\n<li>Stud\u00e1nka lesn\u00ed vody<\/li>\n<li>Stud\u00e1nka ohro\u017een\u00e9 vody<\/li>\n<li>Stud\u00e1nka bez vody<\/li>\n<li>Stud\u00e1nka \u017eiveln\u00e9 vody<\/li>\n<li>Stud\u00e1nka bl\u00edzk\u00e9 vody<\/li>\n<li>Stud\u00e1nka poh\u00e1dkov\u00e9 vody<\/li>\n<li>Stud\u00e1nka kouzeln\u00e9 a \u010darovn\u00e9 vody<\/li>\n<li>L\u00e9\u010div\u00e9 a zp\u00edvaj\u00edc\u00ed vody<\/li>\n<\/ol>\n<p>B.6.3 Projektov\u00fd den<\/p>\n<ul>\n<li>Z\u00e1kladn\u00ed didaktick\u00e9 informace<\/li>\n<\/ul>\n<p>B.6.4 Realizace aktivit<\/p>\n<ul>\n<li>Co t\u011b napadne, kdy\u017e se \u0159ekne stud\u00e1nka?<\/li>\n<li>V\u00edt\u00e1m t\u011b, vodi\u010dko<\/li>\n<li>Jak\u00e1 jsi, vodi\u010dko<\/li>\n<li>Pro\u010d se \u010distily stud\u00e1nky<\/li>\n<li>P\u0159\u00edprava baldach\u00fdnu<\/li>\n<li>Pleten\u00ed v\u011bne\u010dk\u016f<\/li>\n<li>Hled\u00e1me stud\u00e1nku<\/li>\n<li>Ob\u0159ad Otv\u00edr\u00e1n\u00ed stud\u00e1nek<\/li>\n<\/ul>\n<p>B.7\u20138. Nen\u00ed svat\u00fd jako svat\u00fd \u2013 Od Martina po Mat\u011bje (Renata Czelisov\u00e1)<\/p>\n<p>B.7.1 Sv. Martin<\/p>\n<ul>\n<li>Z\u00e1kladn\u00ed didaktick\u00e9 informace<\/li>\n<\/ul>\n<p>B.7.2 Realizace aktivit<\/p>\n<ol>\n<li>\u00davod, motivace<\/li>\n<li>Pe\u010deme martinsk\u00e9 rohl\u00ed\u010dky<\/li>\n<li>V\u00fdroba lucerni\u010dek<\/li>\n<li>Dran\u00ed pe\u0159\u00ed<\/li>\n<li>V\u00fdroba kon\u011b z kartonu<\/li>\n<li>Kresba martinsk\u00fdch pranostik<\/li>\n<li>Z\u00e1v\u011br<\/li>\n<\/ol>\n<p>B.7.3 Podklady pro u\u010ditele<\/p>\n<ul>\n<li>Doporu\u010den\u00e1 literatura<\/li>\n<li>Tabulka hodnocen\u00ed<\/li>\n<\/ul>\n<p>B.8.1 Sv. Mat\u011bj<\/p>\n<ul>\n<li>Z\u00e1kladn\u00ed didaktick\u00e9 informace<\/li>\n<\/ul>\n<p>B.8.2 Realizace aktivit<\/p>\n<ol>\n<li>Motivace<\/li>\n<li>Zp\u011bv, halek\u00e1n\u00ed<\/li>\n<li>Hra \u2013 Pozn\u00e1te stromy?<\/li>\n<li>Kresba pro\u017eitku<\/li>\n<li>Z\u00e1v\u011br<\/li>\n<\/ol>\n<p>B.8.3 Podklady pro u\u010ditele<\/p>\n<ul>\n<li>Doporu\u010den\u00e1 literatura<\/li>\n<\/ul>\n<p>B.9.1 Kouzeln\u00e9 prov\u00e1zky <strong>\u2013 <\/strong>Jak jsme objevili prov\u00e1zkov\u00e1n\u00ed (Radu\u0161e \u010cerm\u00e1kov\u00e1)<\/p>\n<ul>\n<li>Z\u00e1kladn\u00ed didaktick\u00e9 informace<\/li>\n<\/ul>\n<p>B.9.2 Realizace aktivit<\/p>\n<p>B.9.3 Podklady pro u\u010ditele<\/p>\n<ul>\n<li>Zdroje<\/li>\n<\/ul>\n<\/div><\/section><\/div><div class='av-flex-placeholder'><\/div>\n<style type=\"text\/css\" data-created_by=\"avia_inline_auto\" id=\"style-css-av-6bx35f-0304c699c9e362fa849b7b20a46af2ec\">\n.flex_column.av-6bx35f-0304c699c9e362fa849b7b20a46af2ec{\nborder-radius:0px 0px 0px 0px;\npadding:0px 0px 0px 0px;\n}\n<\/style>\n<div  class='flex_column av-6bx35f-0304c699c9e362fa849b7b20a46af2ec av_one_half  avia-builder-el-5  el_after_av_one_half  avia-builder-el-last  flex_column_table_cell av-equal-height-column av-align-top av-zero-column-padding  '     ><p><div  class='avia-button-wrap avia-button-center  avia-builder-el-6  el_before_av_textblock  avia-builder-el-first '>\n<style type=\"text\/css\" data-created_by=\"avia_inline_auto\" id=\"style-css-av-5xb1nf-3b48d5d15524fb7ea5665fddf7451c48\">\n#top #wrap_all .avia-button.av-5xb1nf-3b48d5d15524fb7ea5665fddf7451c48{\nbackground-color:#2a420f;\nborder-color:#2a420f;\ncolor:#ffffff;\ntransition:all 0.4s ease-in-out;\n}\n#top #wrap_all .avia-button.av-5xb1nf-3b48d5d15524fb7ea5665fddf7451c48:hover{\ncolor:white;\ntransition:all 0.4s ease-in-out;\n}\n#top #wrap_all .avia-button.av-5xb1nf-3b48d5d15524fb7ea5665fddf7451c48 .avia-svg-icon svg:first-child{\nfill:#ffffff;\nstroke:#ffffff;\n}\n#top #wrap_all .avia-button.av-5xb1nf-3b48d5d15524fb7ea5665fddf7451c48:hover .avia-svg-icon svg:first-child{\nfill:white;\nstroke:white;\n}\n<\/style>\n<a href='https:\/\/www.nulk.cz\/tadyjsmedoma\/wp-content\/uploads\/2020\/09\/Prohlaseni-o-vyuziti-odborne-publikace_Regionalni-folklor-II.doc' class='avia-button avia-button-fullwidth av-5xb1nf-3b48d5d15524fb7ea5665fddf7451c48 avia-icon_select-yes-right-icon avia-color-custom'  target=\"_blank\"  rel=\"noopener noreferrer\"  aria-label=\"Objednat 2. vyd\u00e1n\u00ed manu\u00e1lu\"><span class='avia_iconbox_title' >Objednat 2. vyd\u00e1n\u00ed manu\u00e1lu<\/span><span class='avia_button_icon avia_button_icon_right avia-iconfont avia-font-entypo-fontello' data-av_icon='\ue82d' data-av_iconfont='entypo-fontello' ><\/span><span class='avia_button_background avia-button avia-button-fullwidth avia-color-theme-color'><\/span><\/a><\/div><br \/>\n<section  class='av_textblock_section av-4pchff-cddfc6036ecd5711d84ab52b10915ab4 '   itemscope=\"itemscope\" itemtype=\"https:\/\/schema.org\/CreativeWork\" ><div class='avia_textblock av_inherit_color'  itemprop=\"text\" ><p>Sta\u017een\u00fd dokument pros\u00edm vypl\u0148te a podepsan\u00fd ode\u0161lete na adresu <a href=\"mailto:magdalena.manakova@nulk.cz\">magdalena.manakova@nulk.cz<\/a>. D\u011bkujeme<\/p>\n<\/div><\/section><br \/>\n\n<style type=\"text\/css\" data-created_by=\"avia_inline_auto\" id=\"style-css-av-kereydhd-39883ff747f33a7ce5026b346eb31f3e\">\n#top .hr.hr-invisible.av-kereydhd-39883ff747f33a7ce5026b346eb31f3e{\nheight:25px;\n}\n<\/style>\n<div  class='hr av-kereydhd-39883ff747f33a7ce5026b346eb31f3e hr-invisible  avia-builder-el-8  el_after_av_textblock  el_before_av_image '><span class='hr-inner '><span class=\"hr-inner-style\"><\/span><\/span><\/div><br \/>\n\n<style type=\"text\/css\" data-created_by=\"avia_inline_auto\" id=\"style-css-av-kerer6sh-63e1038ffa8c0d0b51722d91a5bf7d5b\">\n.avia-image-container.av-kerer6sh-63e1038ffa8c0d0b51722d91a5bf7d5b img.avia_image{\nbox-shadow:none;\n}\n.avia-image-container.av-kerer6sh-63e1038ffa8c0d0b51722d91a5bf7d5b .av-image-caption-overlay-center{\ncolor:#ffffff;\n}\n<\/style>\n<div  class='avia-image-container av-kerer6sh-63e1038ffa8c0d0b51722d91a5bf7d5b av-styling- av-img-linked avia-align-center  avia-builder-el-9  el_after_av_hr  el_before_av_image '   itemprop=\"image\" itemscope=\"itemscope\" itemtype=\"https:\/\/schema.org\/ImageObject\" ><div class=\"avia-image-container-inner\"><div class=\"avia-image-overlay-wrap\"><a href=\"https:\/\/www.nulk.cz\/tadyjsmedoma\/wp-content\/uploads\/2020\/09\/nulk_tady_jsme_doma_maual_pro_ucitele_2.jpg\" data-srcset=\"https:\/\/www.nulk.cz\/tadyjsmedoma\/wp-content\/uploads\/2020\/09\/nulk_tady_jsme_doma_maual_pro_ucitele_2.jpg 1024w, https:\/\/www.nulk.cz\/tadyjsmedoma\/wp-content\/uploads\/2020\/09\/nulk_tady_jsme_doma_maual_pro_ucitele_2-300x218.jpg 300w, https:\/\/www.nulk.cz\/tadyjsmedoma\/wp-content\/uploads\/2020\/09\/nulk_tady_jsme_doma_maual_pro_ucitele_2-768x559.jpg 768w, https:\/\/www.nulk.cz\/tadyjsmedoma\/wp-content\/uploads\/2020\/09\/nulk_tady_jsme_doma_maual_pro_ucitele_2-705x513.jpg 705w\" data-sizes=\"(max-width: 1024px) 100vw, 1024px\" class='avia_image '  aria-label='nulk_tady_jsme_doma_maual_pro_ucitele_2'><img decoding=\"async\" fetchpriority=\"high\" class='wp-image-856 avia-img-lazy-loading-not-856 avia_image ' src=\"https:\/\/www.nulk.cz\/tadyjsmedoma\/wp-content\/uploads\/2020\/09\/nulk_tady_jsme_doma_maual_pro_ucitele_2.jpg\" alt='' title='nulk_tady_jsme_doma_maual_pro_ucitele_2'  height=\"745\" width=\"1024\"  itemprop=\"thumbnailUrl\" srcset=\"https:\/\/www.nulk.cz\/tadyjsmedoma\/wp-content\/uploads\/2020\/09\/nulk_tady_jsme_doma_maual_pro_ucitele_2.jpg 1024w, https:\/\/www.nulk.cz\/tadyjsmedoma\/wp-content\/uploads\/2020\/09\/nulk_tady_jsme_doma_maual_pro_ucitele_2-300x218.jpg 300w, https:\/\/www.nulk.cz\/tadyjsmedoma\/wp-content\/uploads\/2020\/09\/nulk_tady_jsme_doma_maual_pro_ucitele_2-768x559.jpg 768w, https:\/\/www.nulk.cz\/tadyjsmedoma\/wp-content\/uploads\/2020\/09\/nulk_tady_jsme_doma_maual_pro_ucitele_2-705x513.jpg 705w\" sizes=\"(max-width: 1024px) 100vw, 1024px\" \/><\/a><\/div><\/div><\/div><br \/>\n\n<style type=\"text\/css\" data-created_by=\"avia_inline_auto\" id=\"style-css-av-kerer6sh-89100ca293c5440da97bbf6db6cfd257\">\n.avia-image-container.av-kerer6sh-89100ca293c5440da97bbf6db6cfd257 img.avia_image{\nbox-shadow:none;\n}\n.avia-image-container.av-kerer6sh-89100ca293c5440da97bbf6db6cfd257 .av-image-caption-overlay-center{\ncolor:#ffffff;\n}\n<\/style>\n<div  class='avia-image-container av-kerer6sh-89100ca293c5440da97bbf6db6cfd257 av-styling- av-img-linked avia-align-center  avia-builder-el-10  el_after_av_image  el_before_av_image '   itemprop=\"image\" itemscope=\"itemscope\" itemtype=\"https:\/\/schema.org\/ImageObject\" ><div class=\"avia-image-container-inner\"><div class=\"avia-image-overlay-wrap\"><a href=\"https:\/\/www.nulk.cz\/tadyjsmedoma\/wp-content\/uploads\/2020\/09\/obsah_1.jpg\" data-srcset=\"https:\/\/www.nulk.cz\/tadyjsmedoma\/wp-content\/uploads\/2020\/09\/obsah_1.jpg 1024w, https:\/\/www.nulk.cz\/tadyjsmedoma\/wp-content\/uploads\/2020\/09\/obsah_1-300x218.jpg 300w, https:\/\/www.nulk.cz\/tadyjsmedoma\/wp-content\/uploads\/2020\/09\/obsah_1-768x559.jpg 768w, https:\/\/www.nulk.cz\/tadyjsmedoma\/wp-content\/uploads\/2020\/09\/obsah_1-705x513.jpg 705w\" data-sizes=\"(max-width: 1024px) 100vw, 1024px\" class='avia_image '  aria-label='obsah_1'><img decoding=\"async\" fetchpriority=\"high\" class='wp-image-883 avia-img-lazy-loading-not-883 avia_image ' src=\"https:\/\/www.nulk.cz\/tadyjsmedoma\/wp-content\/uploads\/2020\/09\/obsah_1.jpg\" alt='' title='obsah_1'  height=\"745\" width=\"1024\"  itemprop=\"thumbnailUrl\" srcset=\"https:\/\/www.nulk.cz\/tadyjsmedoma\/wp-content\/uploads\/2020\/09\/obsah_1.jpg 1024w, https:\/\/www.nulk.cz\/tadyjsmedoma\/wp-content\/uploads\/2020\/09\/obsah_1-300x218.jpg 300w, https:\/\/www.nulk.cz\/tadyjsmedoma\/wp-content\/uploads\/2020\/09\/obsah_1-768x559.jpg 768w, https:\/\/www.nulk.cz\/tadyjsmedoma\/wp-content\/uploads\/2020\/09\/obsah_1-705x513.jpg 705w\" sizes=\"(max-width: 1024px) 100vw, 1024px\" \/><\/a><\/div><\/div><\/div><br \/>\n\n<style type=\"text\/css\" data-created_by=\"avia_inline_auto\" id=\"style-css-av-kerer6sh-4888432f45488fbc297f8e300814cc8e\">\n.avia-image-container.av-kerer6sh-4888432f45488fbc297f8e300814cc8e img.avia_image{\nbox-shadow:none;\n}\n.avia-image-container.av-kerer6sh-4888432f45488fbc297f8e300814cc8e .av-image-caption-overlay-center{\ncolor:#ffffff;\n}\n<\/style>\n<div  class='avia-image-container av-kerer6sh-4888432f45488fbc297f8e300814cc8e av-styling- av-img-linked avia-align-center  avia-builder-el-11  el_after_av_image  el_before_av_image '   itemprop=\"image\" itemscope=\"itemscope\" itemtype=\"https:\/\/schema.org\/ImageObject\" ><div class=\"avia-image-container-inner\"><div class=\"avia-image-overlay-wrap\"><a href=\"https:\/\/www.nulk.cz\/tadyjsmedoma\/wp-content\/uploads\/2020\/09\/obsah_2.jpg\" data-srcset=\"https:\/\/www.nulk.cz\/tadyjsmedoma\/wp-content\/uploads\/2020\/09\/obsah_2.jpg 1024w, https:\/\/www.nulk.cz\/tadyjsmedoma\/wp-content\/uploads\/2020\/09\/obsah_2-300x218.jpg 300w, https:\/\/www.nulk.cz\/tadyjsmedoma\/wp-content\/uploads\/2020\/09\/obsah_2-768x559.jpg 768w, https:\/\/www.nulk.cz\/tadyjsmedoma\/wp-content\/uploads\/2020\/09\/obsah_2-705x513.jpg 705w\" data-sizes=\"(max-width: 1024px) 100vw, 1024px\" class='avia_image '  aria-label='obsah_2'><img decoding=\"async\" fetchpriority=\"high\" class='wp-image-884 avia-img-lazy-loading-not-884 avia_image ' src=\"https:\/\/www.nulk.cz\/tadyjsmedoma\/wp-content\/uploads\/2020\/09\/obsah_2.jpg\" alt='' title='obsah_2'  height=\"745\" width=\"1024\"  itemprop=\"thumbnailUrl\" srcset=\"https:\/\/www.nulk.cz\/tadyjsmedoma\/wp-content\/uploads\/2020\/09\/obsah_2.jpg 1024w, https:\/\/www.nulk.cz\/tadyjsmedoma\/wp-content\/uploads\/2020\/09\/obsah_2-300x218.jpg 300w, https:\/\/www.nulk.cz\/tadyjsmedoma\/wp-content\/uploads\/2020\/09\/obsah_2-768x559.jpg 768w, https:\/\/www.nulk.cz\/tadyjsmedoma\/wp-content\/uploads\/2020\/09\/obsah_2-705x513.jpg 705w\" sizes=\"(max-width: 1024px) 100vw, 1024px\" \/><\/a><\/div><\/div><\/div><br \/>\n\n<style type=\"text\/css\" data-created_by=\"avia_inline_auto\" id=\"style-css-av-kerer6sh-b3886d4b96eae4847157d3dcd3223f5a\">\n.avia-image-container.av-kerer6sh-b3886d4b96eae4847157d3dcd3223f5a img.avia_image{\nbox-shadow:none;\n}\n.avia-image-container.av-kerer6sh-b3886d4b96eae4847157d3dcd3223f5a .av-image-caption-overlay-center{\ncolor:#ffffff;\n}\n<\/style>\n<div  class='avia-image-container av-kerer6sh-b3886d4b96eae4847157d3dcd3223f5a av-styling- av-img-linked avia-align-center  avia-builder-el-12  el_after_av_image  el_before_av_textblock '   itemprop=\"image\" itemscope=\"itemscope\" itemtype=\"https:\/\/schema.org\/ImageObject\" ><div class=\"avia-image-container-inner\"><div class=\"avia-image-overlay-wrap\"><a href=\"https:\/\/www.nulk.cz\/tadyjsmedoma\/wp-content\/uploads\/2020\/09\/obsah_3.jpg\" data-srcset=\"https:\/\/www.nulk.cz\/tadyjsmedoma\/wp-content\/uploads\/2020\/09\/obsah_3.jpg 1024w, https:\/\/www.nulk.cz\/tadyjsmedoma\/wp-content\/uploads\/2020\/09\/obsah_3-300x218.jpg 300w, https:\/\/www.nulk.cz\/tadyjsmedoma\/wp-content\/uploads\/2020\/09\/obsah_3-768x559.jpg 768w, https:\/\/www.nulk.cz\/tadyjsmedoma\/wp-content\/uploads\/2020\/09\/obsah_3-705x513.jpg 705w\" data-sizes=\"(max-width: 1024px) 100vw, 1024px\" class='avia_image '  aria-label='obsah_3'><img decoding=\"async\" fetchpriority=\"high\" class='wp-image-885 avia-img-lazy-loading-not-885 avia_image ' src=\"https:\/\/www.nulk.cz\/tadyjsmedoma\/wp-content\/uploads\/2020\/09\/obsah_3.jpg\" alt='' title='obsah_3'  height=\"745\" width=\"1024\"  itemprop=\"thumbnailUrl\" srcset=\"https:\/\/www.nulk.cz\/tadyjsmedoma\/wp-content\/uploads\/2020\/09\/obsah_3.jpg 1024w, https:\/\/www.nulk.cz\/tadyjsmedoma\/wp-content\/uploads\/2020\/09\/obsah_3-300x218.jpg 300w, https:\/\/www.nulk.cz\/tadyjsmedoma\/wp-content\/uploads\/2020\/09\/obsah_3-768x559.jpg 768w, https:\/\/www.nulk.cz\/tadyjsmedoma\/wp-content\/uploads\/2020\/09\/obsah_3-705x513.jpg 705w\" sizes=\"(max-width: 1024px) 100vw, 1024px\" \/><\/a><\/div><\/div><\/div><br \/>\n<section  class='av_textblock_section av-4pchff-cddfc6036ecd5711d84ab52b10915ab4 '   itemscope=\"itemscope\" itemtype=\"https:\/\/schema.org\/CreativeWork\" ><div class='avia_textblock av_inherit_color'  itemprop=\"text\" ><div class=\"container\">\n<div class=\"template-page content av-content-full alpha units\">\n<div class=\"post-entry post-entry-type-page post-entry-563\">\n<div class=\"entry-content-wrapper clearfix\">\n<div class=\"flex_column_table av-equal-height-column-flextable -flextable\">\n<div class=\"flex_column av_one_half flex_column_table_cell av-equal-height-column av-align-top first avia-builder-el-39 el_after_av_heading el_before_av_one_half \">\n<section class=\"av_textblock_section \">\n<div class=\"avia_textblock av_inherit_color \">\n<p>V\u00a0r\u00e1mci projektu <strong>Tady jsme doma \u2013 Region\u00e1ln\u00ed folklor do \u0161koly<\/strong>, byla vyd\u00e1na tato kniha<strong> Manu\u00e1l pro u\u010ditele II<\/strong>, kter\u00e1 nav\u00e1zala na <a href=\"https:\/\/www.nulk.cz\/tadyjsmedoma\/regionalni-folklor-do-skol-manual-pro-ucitele-1\/\" target=\"_blank\" rel=\"noopener noreferrer\">prvn\u00ed, \u00fasp\u011b\u0161n\u00fd d\u00edl z\u00a0roku 2015<\/a>.<\/p>\n<\/div>\n<\/section>\n<\/div>\n<\/div>\n<\/div>\n<\/div>\n<\/div>\n<\/div>\n<\/div><\/section><\/p><\/div><\/div><!--close column table wrapper. Autoclose: 1 -->\n","protected":false},"excerpt":{"rendered":"","protected":false},"author":3,"featured_media":0,"parent":0,"menu_order":0,"comment_status":"closed","ping_status":"closed","template":"","meta":{"footnotes":""},"class_list":["post-2041","page","type-page","status-publish","hentry"],"_links":{"self":[{"href":"https:\/\/www.nulk.cz\/tadyjsmedoma\/wp-json\/wp\/v2\/pages\/2041","targetHints":{"allow":["GET"]}}],"collection":[{"href":"https:\/\/www.nulk.cz\/tadyjsmedoma\/wp-json\/wp\/v2\/pages"}],"about":[{"href":"https:\/\/www.nulk.cz\/tadyjsmedoma\/wp-json\/wp\/v2\/types\/page"}],"author":[{"embeddable":true,"href":"https:\/\/www.nulk.cz\/tadyjsmedoma\/wp-json\/wp\/v2\/users\/3"}],"replies":[{"embeddable":true,"href":"https:\/\/www.nulk.cz\/tadyjsmedoma\/wp-json\/wp\/v2\/comments?post=2041"}],"version-history":[{"count":8,"href":"https:\/\/www.nulk.cz\/tadyjsmedoma\/wp-json\/wp\/v2\/pages\/2041\/revisions"}],"predecessor-version":[{"id":2399,"href":"https:\/\/www.nulk.cz\/tadyjsmedoma\/wp-json\/wp\/v2\/pages\/2041\/revisions\/2399"}],"wp:attachment":[{"href":"https:\/\/www.nulk.cz\/tadyjsmedoma\/wp-json\/wp\/v2\/media?parent=2041"}],"curies":[{"name":"wp","href":"https:\/\/api.w.org\/{rel}","templated":true}]}}